{"id":344,"date":"2018-01-16T09:50:07","date_gmt":"2018-01-16T09:50:07","guid":{"rendered":"http:\/\/sprengmeister.info\/website\/?page_id=344"},"modified":"2026-03-19T08:27:54","modified_gmt":"2026-03-19T07:27:54","slug":"consult","status":"publish","type":"page","link":"https:\/\/www.sprengmeister.info\/website\/consult\/","title":{"rendered":"Gutachten &#038; Sachverst\u00e4ndigenb\u00fcro"},"content":{"rendered":"<h2><\/h2>\n<h2><strong><img loading=\"lazy\" decoding=\"async\" class=\" wp-image-5042 aligncenter\" src=\"https:\/\/www.sprengmeister.info\/website\/wp-content\/uploads\/2022\/09\/SDL-CONSULT-LOGO-150x150.png\" alt=\"\" width=\"210\" height=\"210\" srcset=\"https:\/\/www.sprengmeister.info\/website\/wp-content\/uploads\/2022\/09\/SDL-CONSULT-LOGO-150x150.png 150w, https:\/\/www.sprengmeister.info\/website\/wp-content\/uploads\/2022\/09\/SDL-CONSULT-LOGO-300x300.png 300w, https:\/\/www.sprengmeister.info\/website\/wp-content\/uploads\/2022\/09\/SDL-CONSULT-LOGO-100x100.png 100w\" sizes=\"auto, (max-width: 210px) 100vw, 210px\" \/><\/strong><\/h2>\n<h2 style=\"text-align: center;\"><strong>Gutachter &amp; Sachverst\u00e4ndigenb\u00fcro<\/strong><\/h2>\n<p style=\"text-align: center;\">Kontakt: Herr Sven Schrader E-Mail: <a href=\"mail&#116;&#111;&#58;&#115;&#100;&#108;&#45;&#x63;&#x6f;&#x6e;&#x73;&#x75;&#x6c;&#x74;&#x40;&#x73;pren&#103;&#109;&#101;&#105;&#115;&#116;&#101;&#x72;&#x2e;&#x69;&#x6e;&#x66;&#x6f;\">&#115;&#x64;&#x6c;-&#99;&#x6f;n&#115;&#x75;&#x6c;&#116;&#x40;&#x73;p&#114;&#x65;n&#103;&#x6d;&#x65;&#105;&#x73;&#x74;e&#114;&#x2e;i&#110;&#x66;&#x6f;<\/a><br \/>\nDurchwahl: 036025 \u2013 52 628\u00a0 Handy: 0177 \u2013 680 34 82<\/p>\n<p>&nbsp;<\/p>\n<div id='gallery-1' class='gallery galleryid-344 gallery-columns-3 gallery-size-thumbnail'><figure class='gallery-item'>\n\t\t\t<div class='gallery-icon portrait'>\n\t\t\t\t<a href='https:\/\/www.sprengmeister.info\/website\/consult\/urkunde-sv-explosivstoffe\/'><img loading=\"lazy\" decoding=\"async\" width=\"150\" height=\"150\" src=\"https:\/\/www.sprengmeister.info\/website\/wp-content\/uploads\/2023\/03\/Urkunde-SV-Explosivstoffe-150x150.jpg\" class=\"attachment-thumbnail size-thumbnail\" alt=\"\" srcset=\"https:\/\/www.sprengmeister.info\/website\/wp-content\/uploads\/2023\/03\/Urkunde-SV-Explosivstoffe-150x150.jpg 150w, https:\/\/www.sprengmeister.info\/website\/wp-content\/uploads\/2023\/03\/Urkunde-SV-Explosivstoffe-300x300.jpg 300w, https:\/\/www.sprengmeister.info\/website\/wp-content\/uploads\/2023\/03\/Urkunde-SV-Explosivstoffe-100x100.jpg 100w\" sizes=\"auto, (max-width: 150px) 100vw, 150px\" \/><\/a>\n\t\t\t<\/div><\/figure><figure class='gallery-item'>\n\t\t\t<div class='gallery-icon portrait'>\n\t\t\t\t<a href='https:\/\/www.sprengmeister.info\/website\/consult\/urkunde-sv-lehrgaenge\/'><img loading=\"lazy\" decoding=\"async\" width=\"150\" height=\"150\" src=\"https:\/\/www.sprengmeister.info\/website\/wp-content\/uploads\/2023\/03\/Urkunde-SV-Lehrgaenge-150x150.jpg\" class=\"attachment-thumbnail size-thumbnail\" alt=\"\" srcset=\"https:\/\/www.sprengmeister.info\/website\/wp-content\/uploads\/2023\/03\/Urkunde-SV-Lehrgaenge-150x150.jpg 150w, https:\/\/www.sprengmeister.info\/website\/wp-content\/uploads\/2023\/03\/Urkunde-SV-Lehrgaenge-300x300.jpg 300w, https:\/\/www.sprengmeister.info\/website\/wp-content\/uploads\/2023\/03\/Urkunde-SV-Lehrgaenge-100x100.jpg 100w\" sizes=\"auto, (max-width: 150px) 100vw, 150px\" \/><\/a>\n\t\t\t<\/div><\/figure><figure class='gallery-item'>\n\t\t\t<div class='gallery-icon portrait'>\n\t\t\t\t<a href='https:\/\/www.sprengmeister.info\/website\/consult\/urkunde-zert-waffen\/'><img loading=\"lazy\" decoding=\"async\" width=\"150\" height=\"150\" src=\"https:\/\/www.sprengmeister.info\/website\/wp-content\/uploads\/2023\/03\/Urkunde-Zert-Waffen-150x150.jpg\" class=\"attachment-thumbnail size-thumbnail\" alt=\"\" srcset=\"https:\/\/www.sprengmeister.info\/website\/wp-content\/uploads\/2023\/03\/Urkunde-Zert-Waffen-150x150.jpg 150w, https:\/\/www.sprengmeister.info\/website\/wp-content\/uploads\/2023\/03\/Urkunde-Zert-Waffen-300x300.jpg 300w, https:\/\/www.sprengmeister.info\/website\/wp-content\/uploads\/2023\/03\/Urkunde-Zert-Waffen-100x100.jpg 100w\" sizes=\"auto, (max-width: 150px) 100vw, 150px\" \/><\/a>\n\t\t\t<\/div><\/figure>\n\t\t<\/div>\n\n<p>Aufgrund ihrer langj\u00e4hrigen Erfahrungen und steten Weiterbildungen verf\u00fcgen nahezu alle unsere Mitarbeiter \u00fcber den Status von EU-zertifizierten, anerkannten Sachverst\u00e4ndigen und Gutachtern in den Fachbereichen\u00a0 explosionsgef\u00e4hrliche Stoffe, Pyrotechnik, Brand- &amp; Explosionsursachenermittlungen, Lager f\u00fcr gef\u00e4hrliche Stoffe, Waffen und Munition sowie auch Lehrg\u00e4nge nach dem Sprengstoff- und Waffenrecht.<br \/>\nUnsere Sachverst\u00e4ndigen sind u.a. als Beh\u00f6rdenfachberater f\u00fcr die Polizei und den Katastrophenschutz t\u00e4tig sowie bei deutschen Gerichten zu Gutachtern bestellt. Ebenso hat unsere Unternehmung Zugriff auf ein weit verzweigtes Netzwerk weiterer Fach-Spezialisten. Als beratende Sachverst\u00e4ndige und Gutachter unterst\u00fctzen wir Sie auch bei Problemen im Zusammenhang mit Antr\u00e4gen oder Beh\u00f6rden. Um langwierige Streitigkeiten sowie hohe Gerichtskosten zu vermeiden, ist es sehr wichtig eventuelle Unklarheiten in der Rechtslage zu beseitigen bevor ein gr\u00f6\u00dferer Schaden entstehen kann.<\/p>\n<p>F\u00fcr folgende Dienstleistungen stehen wir Ihnen gern zur Verf\u00fcgung:<\/p>\n<ul>\n<li><strong>Gerichtsgutachten<\/strong><\/li>\n<li><strong>Privatgutachten<\/strong><\/li>\n<li><strong>Wertgutachten<\/strong><\/li>\n<li><strong>fachliches Consulting f\u00fcr Unternehmen<\/strong><\/li>\n<li><strong>Hilfestellung in allen fachlichen Fragen zum Sprengstoff- &amp; Waffenrecht<\/strong><\/li>\n<li><strong>Brand- und Explosionsursachenermittlung f\u00fcr Beh\u00f6rden<\/strong><\/li>\n<li><strong>Waffenschrank und Waffenkammerinspektionen<br \/>\n<\/strong>(Sportsch\u00fctzen, Berufswaffentr\u00e4ger, Theaterh\u00e4user, Filmgesellschaften und vergl.)<strong><br \/>\n<\/strong><\/li>\n<li><strong>Inspektionen aller Lager- und Aufbewahrungsst\u00e4tten nach dem Sprengstoff- und Waffengesetz<\/strong><\/li>\n<li><strong>Hospitationen und fachliche Bewertungen von Sach- &amp; Fachkundelehrg\u00e4ngen<br \/>\nnach dem Sprengstoff- und Waffenrecht<\/strong><\/li>\n<\/ul>\n<p>Unsere Sachverst\u00e4ndigen sind in die Sachverst\u00e4ndigenrolle des deutschen Gutachter- und Sachverst\u00e4ndigenverbandes eingetragen und<br \/>\nin folgenden Fachbereichen EU-zertifiziert :<\/p>\n<ul>\n<li><strong>Explosivstoffe \/ Sprengstoffe<\/strong><\/li>\n<li><strong>Pyrotechnik \/ SFX<br \/>\n<\/strong><\/li>\n<li><strong>Lehrg\u00e4nge nach dem Sprengstoff- &amp; Waffengesetz\u00a0<\/strong><\/li>\n<li><strong>Lager nach dem Sprengstoffgesetz<\/strong><\/li>\n<li><strong>ADR \/ GGVSEB<\/strong><\/li>\n<li><strong>Waffen und Munition aller Art <\/strong>(auch verbotene Waffen, KwKG usw.)<\/li>\n<\/ul>\n<p>Herr Schrader ber\u00e4t Sie hierzu gern unverbindlich unter der Durchwahl 036025-526856.<\/p>\n<p>&nbsp;<\/p>\n<h4>Wir sind f\u00fcr Sie da!<br \/>\nHier k\u00f6nnen Sie uns mit Ihrem Anliegen beauftragen:<\/h4>\n<div class=\"wpforms-container wpforms-container-full\" id=\"wpforms-6595\"><form id=\"wpforms-form-6595\" class=\"wpforms-validate wpforms-form wpforms-ajax-form\" data-formid=\"6595\" method=\"post\" enctype=\"multipart\/form-data\" action=\"\/website\/wp-json\/wp\/v2\/pages\/344?wpforms_form_id=6595\" data-token=\"445fc404a77a6625fe72710b132ce03a\" data-token-time=\"1777814393\"><noscript class=\"wpforms-error-noscript\">Bitte aktiviere JavaScript in deinem Browser, um dieses Formular fertigzustellen.<\/noscript><div class=\"wpforms-field-container\"><div id=\"wpforms-6595-field_0-container\" class=\"wpforms-field wpforms-field-name\" data-field-id=\"0\"><label class=\"wpforms-field-label\">Name <span class=\"wpforms-required-label\">*<\/span><\/label><div class=\"wpforms-field-row wpforms-field-small\"><div class=\"wpforms-field-row-block wpforms-first wpforms-one-half\"><input type=\"text\" id=\"wpforms-6595-field_0\" class=\"wpforms-field-name-first wpforms-field-required\" name=\"wpforms[fields][0][first]\" required><label for=\"wpforms-6595-field_0\" class=\"wpforms-field-sublabel after\">Vorname<\/label><\/div><div class=\"wpforms-field-row-block wpforms-one-half\"><input type=\"text\" id=\"wpforms-6595-field_0-last\" class=\"wpforms-field-name-last wpforms-field-required\" name=\"wpforms[fields][0][last]\" required><label for=\"wpforms-6595-field_0-last\" class=\"wpforms-field-sublabel after\">Nachname<\/label><\/div><\/div><\/div><div id=\"wpforms-6595-field_5-container\" class=\"wpforms-field wpforms-field-number\" data-field-id=\"5\"><label class=\"wpforms-field-label\" for=\"wpforms-6595-field_5\">Postleitzahl <span class=\"wpforms-required-label\">*<\/span><\/label><input type=\"number\" id=\"wpforms-6595-field_5\" class=\"wpforms-field-small wpforms-field-required\" name=\"wpforms[fields][5]\" step=\"any\" required><div class=\"wpforms-field-description\">Postleitzahl<\/div><\/div><div id=\"wpforms-6595-field_6-container\" class=\"wpforms-field wpforms-field-text\" data-field-id=\"6\"><label class=\"wpforms-field-label\" for=\"wpforms-6595-field_6\">Ort <span class=\"wpforms-required-label\">*<\/span><\/label><input type=\"text\" id=\"wpforms-6595-field_6\" class=\"wpforms-field-medium wpforms-field-required\" name=\"wpforms[fields][6]\" required><\/div><div id=\"wpforms-6595-field_7-container\" class=\"wpforms-field wpforms-field-text\" data-field-id=\"7\"><label class=\"wpforms-field-label\" for=\"wpforms-6595-field_7\">Stra\u00dfe und Hausnummer <span class=\"wpforms-required-label\">*<\/span><\/label><input type=\"text\" id=\"wpforms-6595-field_7\" class=\"wpforms-field-medium wpforms-field-required\" name=\"wpforms[fields][7]\" required><\/div><div id=\"wpforms-6595-field_17-container\" class=\"wpforms-field wpforms-field-text\" data-field-id=\"17\"><label class=\"wpforms-field-label\" for=\"wpforms-6595-field_17\">eventuell abweichende Rechnungsanschrift:<\/label><input type=\"text\" id=\"wpforms-6595-field_17\" class=\"wpforms-field-medium\" name=\"wpforms[fields][17]\" ><\/div><div id=\"wpforms-6595-field_1-container\" class=\"wpforms-field wpforms-field-email\" data-field-id=\"1\"><label class=\"wpforms-field-label\" for=\"wpforms-6595-field_1\">E-Mail <span class=\"wpforms-required-label\">*<\/span><\/label><input type=\"email\" id=\"wpforms-6595-field_1\" class=\"wpforms-field-medium wpforms-field-required\" name=\"wpforms[fields][1]\" spellcheck=\"false\" required><\/div><div id=\"wpforms-6595-field_9-container\" class=\"wpforms-field wpforms-field-number\" data-field-id=\"9\"><label class=\"wpforms-field-label\" for=\"wpforms-6595-field_9\">Kontakt-Telefonnummer <span class=\"wpforms-required-label\">*<\/span><\/label><input type=\"number\" id=\"wpforms-6595-field_9\" class=\"wpforms-field-small wpforms-field-required\" name=\"wpforms[fields][9]\" step=\"any\" required><\/div><div id=\"wpforms-6595-field_16-container\" class=\"wpforms-field wpforms-field-text\" data-field-id=\"16\"><label class=\"wpforms-field-label\" for=\"wpforms-6595-field_16\">Falls Sie Mitglied im MFTB sind, tragen Sie bitte hier Ihre Mitgliedsnummer ein: (anderenfalls frei lassen)<\/label><input type=\"text\" id=\"wpforms-6595-field_16\" class=\"wpforms-field-small\" name=\"wpforms[fields][16]\" ><\/div><div id=\"wpforms-6595-field_2-container\" class=\"wpforms-field wpforms-field-textarea\" data-field-id=\"2\"><label class=\"wpforms-field-label\" for=\"wpforms-6595-field_2\">Schildern Sie Ihr Anliegen bitte hier in Kurzform:<\/label><textarea id=\"wpforms-6595-field_2\" class=\"wpforms-field-medium\" name=\"wpforms[fields][2]\" ><\/textarea><\/div><div id=\"wpforms-6595-field_13-container\" class=\"wpforms-field wpforms-field-file-upload\" data-field-id=\"13\"><label class=\"wpforms-field-label\" for=\"wpforms-6595-field_13\">Datei hochladen (Falls erforderlich)<\/label><div\n\t\tclass=\"wpforms-uploader \"\n\t\tdata-field-id=\"13\"\n\t\tdata-form-id=\"6595\"\n\t\tdata-input-name=\"wpforms_6595_13\"\n\t\tdata-extensions=\"jpg,jpeg,jpe,gif,png,bmp,tiff,tif,webp,avif,ico,heic,heif,heics,heifs,asf,asx,wmv,wmx,wm,avi,divx,mov,qt,mpeg,mpg,mpe,mp4,m4v,ogv,webm,mkv,3gp,3gpp,3g2,3gp2,txt,asc,c,cc,h,srt,csv,tsv,ics,rtx,css,vtt,mp3,m4a,m4b,aac,ra,ram,wav,x-wav,ogg,oga,flac,mid,midi,wma,wax,mka,rtf,pdf,class,tar,zip,gz,gzip,rar,7z,psd,xcf,doc,pot,pps,ppt,wri,xla,xls,xlt,xlw,mpp,docx,docm,dotx,dotm,xlsx,xlsm,xlsb,xltx,xltm,xlam,pptx,pptm,ppsx,ppsm,potx,potm,ppam,sldx,sldm,onetoc,onetoc2,onepkg,oxps,xps,odt,odp,ods,odg,odc,odb,odf,wp,wpd,key,numbers,pages\"\n\t\tdata-max-size=\"2097152\"\n\t\tdata-max-file-number=\"1\"\n\t\tdata-post-max-size=\"2097152\"\n\t\tdata-max-parallel-uploads=\"4\"\n\t\tdata-parallel-uploads=\"true\"\n\t\tdata-file-chunk-size=\"2097152\">\n\t<div class=\"dz-message\">\n\t\t<svg  viewBox=\"0 0 640 640\" focusable=\"false\" data-icon=\"inbox\" width=\"50px\" height=\"50px\" fill=\"currentColor\" aria-hidden=\"true\">\n\t\t\t<path d=\"M352 173.3L352 384C352 401.7 337.7 416 320 416C302.3 416 288 401.7 288 384L288 173.3L246.6 214.7C234.1 227.2 213.8 227.2 201.3 214.7C188.8 202.2 188.8 181.9 201.3 169.4L297.3 73.4C309.8 60.9 330.1 60.9 342.6 73.4L438.6 169.4C451.1 181.9 451.1 202.2 438.6 214.7C426.1 227.2 405.8 227.2 393.3 214.7L352 173.3zM320 464C364.2 464 400 428.2 400 384L480 384C515.3 384 544 412.7 544 448L544 480C544 515.3 515.3 544 480 544L160 544C124.7 544 96 515.3 96 480L96 448C96 412.7 124.7 384 160 384L240 384C240 428.2 275.8 464 320 464zM464 488C477.3 488 488 477.3 488 464C488 450.7 477.3 440 464 440C450.7 440 440 450.7 440 464C440 477.3 450.7 488 464 488z\"\/>\n\t\t<\/svg>\n\n\t\t<span class=\"modern-title\">\n\t\t\t\t\t\t\tDrag &amp; Drop Files, \t\t\t\t<span>Choose Files to Upload<\/span>\n\t\t\t\t\t<\/span>\n\n\t\t\t<\/div>\n<\/div>\n\n<input\n\t\ttype=\"text\"\n\t\tautocomplete=\"off\"\n\t\treadonly\n\t\tclass=\"dropzone-input\"\n\t\tstyle=\"position:absolute!important;clip:rect(0,0,0,0)!important;height:1px!important;width:1px!important;border:0!important;overflow:hidden!important;padding:0!important;margin:0!important;\"\n\t\tid=\"wpforms-6595-field_13\"\n\t\tname=\"wpforms_6595_13\" \t\tvalue=\"\">\n<\/div><div id=\"wpforms-6595-field_11-container\" class=\"wpforms-field wpforms-field-select wpforms-field-select-style-classic\" data-field-id=\"11\"><label class=\"wpforms-field-label\" for=\"wpforms-6595-field_11\">Ich erbitte hierzu: <span class=\"wpforms-required-label\">*<\/span><\/label><select id=\"wpforms-6595-field_11\" class=\"wpforms-field-medium wpforms-field-required\" name=\"wpforms[fields][11]\" required=\"required\"><option value=\"Ihre fachliche Stellungnahme schriftlich per E-Mail\"  class=\"choice-1 depth-1\"  >Ihre fachliche Stellungnahme schriftlich per E-Mail<\/option><option value=\"Ihre fachliche Stellungnahme schriftlich per Post\"  class=\"choice-4 depth-1\"  >Ihre fachliche Stellungnahme schriftlich per Post<\/option><option value=\"die Erstellung eines Gutachtens\"  class=\"choice-2 depth-1\"  >die Erstellung eines Gutachtens<\/option><option value=\"Die telefonische R\u00fcckmeldung eines Sachverst\u00e4ndigen\"  class=\"choice-3 depth-1\"  >Die telefonische R\u00fcckmeldung eines Sachverst\u00e4ndigen<\/option><\/select><\/div><div id=\"wpforms-6595-field_15-container\" class=\"wpforms-field wpforms-field-checkbox\" data-field-id=\"15\"><label class=\"wpforms-field-label\">Bitte best\u00e4tigen Sie Ihr Einverst\u00e4ndnis mit unseren Allgemeinen Gesch\u00e4ftsbedingungen <span class=\"wpforms-required-label\">*<\/span><\/label><ul id=\"wpforms-6595-field_15\" class=\"wpforms-field-required\"><li class=\"choice-1 depth-1\"><input type=\"checkbox\" id=\"wpforms-6595-field_15_1\" name=\"wpforms[fields][15][]\" value=\"Die AGB der SDL habe ich gelesen, verstanden und bin ausdr\u00fccklich damit einverstanden\" required ><label class=\"wpforms-field-label-inline\" for=\"wpforms-6595-field_15_1\">Die AGB der SDL habe ich gelesen, verstanden und bin ausdr\u00fccklich damit einverstanden<\/label><\/li><\/ul><\/div><div id=\"wpforms-6595-field_12-container\" class=\"wpforms-field wpforms-field-gdpr-checkbox\" data-field-id=\"12\"><label class=\"wpforms-field-label\">DSGVO-Einverst\u00e4ndnis <span class=\"wpforms-required-label\">*<\/span><\/label><ul id=\"wpforms-6595-field_12\" class=\"wpforms-field-required\"><li class=\"choice-1\"><input type=\"checkbox\" id=\"wpforms-6595-field_12_1\" name=\"wpforms[fields][12][]\" value=\"Ich willige ein, dass diese Website meine \u00fcbermittelten Informationen speichert, sodass meine Anfrage beantwortet werden kann.\" required ><label class=\"wpforms-field-label-inline\" for=\"wpforms-6595-field_12_1\">Ich willige ein, dass diese Website meine \u00fcbermittelten Informationen speichert, sodass meine Anfrage beantwortet werden kann.<\/label><\/li><\/ul><\/div><\/div><!-- .wpforms-field-container --><div class=\"wpforms-submit-container\" ><input type=\"hidden\" name=\"wpforms[id]\" value=\"6595\"><input type=\"hidden\" name=\"page_title\" value=\"\"><input type=\"hidden\" name=\"page_url\" value=\"https:\/\/www.sprengmeister.info\/website\/wp-json\/wp\/v2\/pages\/344\"><input type=\"hidden\" name=\"url_referer\" value=\"\"><button type=\"submit\" name=\"wpforms[submit]\" id=\"wpforms-submit-6595\" class=\"wpforms-submit\" data-alt-text=\"Senden\u2026\" data-submit-text=\"Absenden\" aria-live=\"assertive\" value=\"wpforms-submit\">Absenden<\/button><img loading=\"lazy\" decoding=\"async\" src=\"https:\/\/www.sprengmeister.info\/website\/wp-content\/plugins\/wpforms\/assets\/images\/submit-spin.svg\" class=\"wpforms-submit-spinner\" style=\"display: none;\" width=\"26\" height=\"26\" alt=\"Wird geladen\"><\/div><\/form><\/div>  <!-- .wpforms-container -->\n<p><a href=\"https:\/\/www.sprengmeister.info\/website\/thueringer-feuerwerkerschule\/allgemeine-geschaeftsbedingungen\/\"><strong>Unsere AGB k\u00f6nnen Sie hier einsehen<\/strong><\/a><\/p>\n<p>Wir sind Mitglied im DGuSV<\/p>\n<p><strong><img loading=\"lazy\" decoding=\"async\" class=\"size-thumbnail alignleft\" src=\"https:\/\/www.sprengmeister.info\/website\/wp-content\/uploads\/signatur\/DGuSV.png?_t=1665134853\" width=\"162\" height=\"69\" \/><\/strong><\/p>\n","protected":false},"excerpt":{"rendered":"<p>Gutachter &amp; Sachverst\u00e4ndigenb\u00fcro Kontakt: Herr Sven Schrader E-Mail: &#115;&#x64;&#x6c;-&#99;&#x6f;&#x6e;s&#117;&#x6c;t&#64;&#x73;&#x70;r&#101;&#x6e;g&#109;&#x65;&#x69;s&#116;&#x65;&#x72;&#46;&#x69;&#x6e;f&#111; Durchwahl: 036025 \u2013 52 628\u00a0 Handy: 0177 \u2013 680 34 82 &nbsp; Aufgrund ihrer langj\u00e4hrigen Erfahrungen und steten Weiterbildungen verf\u00fcgen nahezu alle unsere Mitarbeiter \u00fcber den Status von EU-zertifizierten, anerkannten Sachverst\u00e4ndigen und Gutachtern in den Fachbereichen\u00a0 explosionsgef\u00e4hrliche Stoffe, Pyrotechnik, Brand- &amp; Explosionsursachenermittlungen, Lager f\u00fcr gef\u00e4hrliche Stoffe, [&hellip;]<\/p>\n","protected":false},"author":1,"featured_media":0,"parent":0,"menu_order":0,"comment_status":"closed","ping_status":"closed","template":"","meta":{"footnotes":""},"class_list":["post-344","page","type-page","status-publish","hentry"],"_links":{"self":[{"href":"https:\/\/www.sprengmeister.info\/website\/wp-json\/wp\/v2\/pages\/344","targetHints":{"allow":["GET"]}}],"collection":[{"href":"https:\/\/www.sprengmeister.info\/website\/wp-json\/wp\/v2\/pages"}],"about":[{"href":"https:\/\/www.sprengmeister.info\/website\/wp-json\/wp\/v2\/types\/page"}],"author":[{"embeddable":true,"href":"https:\/\/www.sprengmeister.info\/website\/wp-json\/wp\/v2\/users\/1"}],"replies":[{"embeddable":true,"href":"https:\/\/www.sprengmeister.info\/website\/wp-json\/wp\/v2\/comments?post=344"}],"version-history":[{"count":69,"href":"https:\/\/www.sprengmeister.info\/website\/wp-json\/wp\/v2\/pages\/344\/revisions"}],"predecessor-version":[{"id":6846,"href":"https:\/\/www.sprengmeister.info\/website\/wp-json\/wp\/v2\/pages\/344\/revisions\/6846"}],"wp:attachment":[{"href":"https:\/\/www.sprengmeister.info\/website\/wp-json\/wp\/v2\/media?parent=344"}],"curies":[{"name":"wp","href":"https:\/\/api.w.org\/{rel}","templated":true}]}}