{"id":765,"date":"2018-03-16T13:34:59","date_gmt":"2018-03-16T13:34:59","guid":{"rendered":"http:\/\/sprengmeister.info\/website\/?page_id=765"},"modified":"2025-07-14T15:58:13","modified_gmt":"2025-07-14T14:58:13","slug":"unsere-partner","status":"publish","type":"page","link":"https:\/\/www.sprengmeister.info\/website\/unsere-partner\/","title":{"rendered":"Unsere Partner (Auszug)"},"content":{"rendered":"<h2 style=\"text-align: left;\"><strong>Unsere Partner<\/strong><\/h2>\n<p>&nbsp;<\/p>\n<p><a href=\"https:\/\/www.sprengverband.de\/start\/\"><img decoding=\"async\" src=\"https:\/\/www.sprengverband.de\/fileadmin\/template\/images\/logo_deutscher_sprengverband.png\" alt=\"Deutscher Sprengverband e.V.\" \/><\/a><\/p>\n<hr \/>\n<p><a href=\"https:\/\/www.blackboxxfireworks.de\/\" target=\"_blank\" rel=\"noopener noreferrer\"><img loading=\"lazy\" decoding=\"async\" class=\"alignnone size-full wp-image-1547\" src=\"https:\/\/www.sprengmeister.info\/website\/wp-content\/uploads\/2020\/02\/logo-blackbox.png\" alt=\"\" width=\"397\" height=\"160\" srcset=\"https:\/\/www.sprengmeister.info\/website\/wp-content\/uploads\/2020\/02\/logo-blackbox.png 397w, https:\/\/www.sprengmeister.info\/website\/wp-content\/uploads\/2020\/02\/logo-blackbox-300x121.png 300w\" sizes=\"auto, (max-width: 397px) 100vw, 397px\" \/><\/a><\/p>\n<p>Feuerwerk f\u00fcr Privat und Profis<\/p>\n<hr \/>\n<p><a href=\"https:\/\/www.feuerwerk-forum.de\/\" target=\"_blank\" rel=\"noopener noreferrer\"><img loading=\"lazy\" decoding=\"async\" class=\"alignnone size-full wp-image-1548\" src=\"https:\/\/www.sprengmeister.info\/website\/wp-content\/uploads\/2020\/02\/logo-feuerwerk-forum.png\" alt=\"\" width=\"227\" height=\"176\" \/><\/a><\/p>\n<p>Treffpunkt und Informationsquelle f\u00fcr Feuerwerker und Feuerwerksfans<\/p>\n<hr \/>\n<p><a href=\"http:\/\/www.firestorm.sale\"><img loading=\"lazy\" decoding=\"async\" class=\"alignleft wp-image-5852 size-medium\" src=\"https:\/\/www.sprengmeister.info\/website\/wp-content\/uploads\/2022\/12\/FIRESTORM-1-300x83.jpg\" alt=\"\" width=\"300\" height=\"83\" srcset=\"https:\/\/www.sprengmeister.info\/website\/wp-content\/uploads\/2022\/12\/FIRESTORM-1-300x83.jpg 300w, https:\/\/www.sprengmeister.info\/website\/wp-content\/uploads\/2022\/12\/FIRESTORM-1-600x167.jpg 600w, https:\/\/www.sprengmeister.info\/website\/wp-content\/uploads\/2022\/12\/FIRESTORM-1-768x213.jpg 768w, https:\/\/www.sprengmeister.info\/website\/wp-content\/uploads\/2022\/12\/FIRESTORM-1.jpg 850w\" sizes=\"auto, (max-width: 300px) 100vw, 300px\" \/><\/a><\/p>\n<p>&nbsp;<\/p>\n<p>&nbsp;<\/p>\n<p>&nbsp;<\/p>\n<p>Professionelle Funkz\u00fcndtechnik<\/p>\n<p>&nbsp;<\/p>\n<hr \/>\n<p><a href=\"http:\/\/www.mdr.de\"><img loading=\"lazy\" decoding=\"async\" class=\"\" src=\"https:\/\/upload.wikimedia.org\/wikipedia\/commons\/thumb\/4\/4e\/MDR_Dachmarke_2004-2016.svg\/2000px-MDR_Dachmarke_2004-2016.svg.png\" alt=\"Datei:MDR Dachmarke 2004-2016.svg \u2013 Wikipedia\" width=\"327\" height=\"125\" \/><\/a><\/p>\n<p>ARD und Mitteldeutscher Rundfunk<\/p>\n<hr \/>\n<p><a href=\"https:\/\/www.ziegler-film.com\/\"><img decoding=\"async\" src=\"https:\/\/upload.wikimedia.org\/wikipedia\/commons\/a\/a7\/Ziegler_Film_neu.png\" alt=\"Ziegler Film \u2013 Wikipedia\" \/><\/a><\/p>\n<p>Ziegler Filmproduktion<\/p>\n<p>&nbsp;<\/p>\n<hr \/>\n<p><a href=\"http:\/\/www.rauchfeuerwerke.de\/de\/index.html\"><img loading=\"lazy\" decoding=\"async\" class=\"\" src=\"https:\/\/www.crew-united.com\/Media\/Images\/116\/116140\/116140.entity.jpg\" alt=\"Claudius Rauch, SFX Spezialeffekte Supervisor, Berlin | Crew United\" width=\"266\" height=\"245\" \/><\/a><\/p>\n<p>Rauch Special Effects Berlin<\/p>\n<hr \/>\n<p>&nbsp;<\/p>\n","protected":false},"excerpt":{"rendered":"<p>Unsere Partner &nbsp; Feuerwerk f\u00fcr Privat und Profis Treffpunkt und Informationsquelle f\u00fcr Feuerwerker und Feuerwerksfans &nbsp; &nbsp; &nbsp; Professionelle Funkz\u00fcndtechnik &nbsp; ARD und Mitteldeutscher Rundfunk Ziegler Filmproduktion &nbsp; Rauch Special Effects Berlin &nbsp;<\/p>\n","protected":false},"author":1,"featured_media":0,"parent":0,"menu_order":3,"comment_status":"closed","ping_status":"closed","template":"","meta":{"footnotes":""},"class_list":["post-765","page","type-page","status-publish","hentry"],"_links":{"self":[{"href":"https:\/\/www.sprengmeister.info\/website\/wp-json\/wp\/v2\/pages\/765","targetHints":{"allow":["GET"]}}],"collection":[{"href":"https:\/\/www.sprengmeister.info\/website\/wp-json\/wp\/v2\/pages"}],"about":[{"href":"https:\/\/www.sprengmeister.info\/website\/wp-json\/wp\/v2\/types\/page"}],"author":[{"embeddable":true,"href":"https:\/\/www.sprengmeister.info\/website\/wp-json\/wp\/v2\/users\/1"}],"replies":[{"embeddable":true,"href":"https:\/\/www.sprengmeister.info\/website\/wp-json\/wp\/v2\/comments?post=765"}],"version-history":[{"count":15,"href":"https:\/\/www.sprengmeister.info\/website\/wp-json\/wp\/v2\/pages\/765\/revisions"}],"predecessor-version":[{"id":6789,"href":"https:\/\/www.sprengmeister.info\/website\/wp-json\/wp\/v2\/pages\/765\/revisions\/6789"}],"wp:attachment":[{"href":"https:\/\/www.sprengmeister.info\/website\/wp-json\/wp\/v2\/media?parent=765"}],"curies":[{"name":"wp","href":"https:\/\/api.w.org\/{rel}","templated":true}]}}